atest common factor of t and 15?
15
Let b = 2 + 23. Let d(n) = 10*n - 5*n + 3 - 7*n + b*n**2 + 0*n. Let o be d(2). What is the greatest common divisor of 9 and o?
9
Suppose -3*a + 16 = 4. Let z = 3 + a. Suppose -3*j + n - 5*n = z, 4*n + 16 = 0. Calculate the highest common divisor of j and 21.
3
Let l(x) = 18*x + 276. Let c be l(-15). Calculate the highest common factor of 58 and c.
2
Suppose 70*i - 61*i - 12798 = 0. Calculate the greatest common factor of 18 and i.
18
Let h be (-3)/(18/15)*2. Let u be (-1 + (-33)/h)/(6/60). Let o = 2 - -5. What is the greatest common factor of o and u?
7
Let i be -5 - (-3 - (-9 - -19)). Calculate the highest common divisor of 256 and i.
8
Suppose 18*x - 19*x + 55 = 0. Let t = -22 + x. What is the highest common factor of 99 and t?
33
Let w = -904 - -1355. What is the greatest common factor of 11 and w?
11
Let m be (-1456)/(-1638)*126/8. Let y = -42 + 70. What is the highest common factor of y and m?
14
Let d = 23 + -18. Suppose -d*b = -454 - 266. Calculate the greatest common divisor of b and 24.
24
Suppose 10*g = 1928 + 4832. Let m be g/39*2/((-8)/(-30)). Calculate the greatest common divisor of m and 13.
13
Let p be (22/10 - -1) + (-186)/155. Let y = 8 + -4. Calculate the highest common factor of p and y.
2
Suppose 7*s - 5*s = 318. Let k = s + -138. Calculate the highest common factor of 63 and k.
21
Suppose -1266 = -3*q + 54. Let o be (-15)/2*q/(-33). Calculate the greatest common divisor of 10 and o.
10
Suppose -14*v - v = v. Suppose 2*u + 5*f - 65 = 0, v*u - 4*u + 3*f + 65 = 0. What is the greatest common divisor of u and 40?
20
Let x = -302 - -325. Suppose -11 = -2*l + 35. Calculate the highest common factor of l and x.
23
Let y be 30 + 0/(-4 - -6). Suppose 19 = 3*p - 2*o, -2*p - 5*o = -6*p + y. Calculate the greatest common divisor of p and 20.
5
Let r = 749 - 473. Calculate the highest common divisor of r and 69.
69
Let i(j) = -j**3 + 29*j**2 - 27*j + 82. Let v be i(28). What is the highest common divisor of 55 and v?
55
Let q be 202/(-1010) - ((-27582)/10 - 0). Calculate the greatest common factor of 14 and q.
14
Let z = -437 + 797. Suppose -i = 7*i - z. Calculate the highest common divisor of i and 5.
5
Suppose -4*m + 2*z + 2177 = 19, -4*z = -5*m + 2699. What is the greatest common factor of 231 and m?
77
Let h be (3 - 2)*7*(-342)/(-6). Calculate the highest common factor of 42 and h.
21
Let u be -3 + 41 - (3 - (-2 - -1)). Calculate the highest common factor of 170 and u.
34
Let a(h) = -3*h + 3*h + 6*h - 4. Let z be a(4). Let x(p) = p**3 - 16*p**2 + 6*p + 4. Let l be x(16). Calculate the highest common divisor of z and l.
20
Let a be (6/5)/(24/80). Suppose a*m = 149 + 111. Calculate the highest common divisor of 5 and m.
5
Suppose -a + 2*a - 2*z = 0, 5*z = -3*a. Suppose g - 9 + 4 = a. What is the greatest common divisor of g and 15?
5
Suppose -4*i + 44 = -0*i. Let p = 6 + i. Suppose 2*h - 209 - 29 = 0. What is the highest common factor of h and p?
17
Suppose 30*s - 37*s + 189 = 0. Calculate the greatest common divisor of s and 513.
27
Let r(n) = 4*n**3 - 4*n + 5. Let t be r(4). What is the highest common factor of t and 196?
49
Let t = 71 - 64. Let k(a) = -a**3 - 5*a**2 + 6*a - 2. Let w be k(-6). Let o be (t - 6)/(w/(-34)). Calculate the greatest common factor of 187 and o.
17
Suppose -6 = 3*k + 5*s - 2*s, 3*k - 4 = -s. Suppose -k*a = -73 - 23. Calculate the greatest common divisor of 16 and a.
16
Suppose -2*q = -46*h + 41*h + 1210, 4*h - 968 = -5*q. Calculate the greatest common factor of h and 66.
22
Let u be (-2)/10 + 177/(-15). Let d = u + 28. Calculate the highest common factor of d and 16.
16
Suppose 5*a - 5*n = -0 + 20, 0 = 4*a - 5*n - 16. Let g = -21 + 26. Suppose p + 12 = a*q, 3*q - g*p - 12 = -q. What is the highest common factor of q and 12?
3
Suppose 0 = 4*r - 400 - 32. Suppose -3*t = -26 + 8. Calculate the highest common factor of t and r.
6
Let i(m) = 2*m**3 - 13*m**2 + 27*m - 8. Let z be i(6). Calculate the greatest common divisor of z and 177.
59
Suppose -2*a + 3*f + 36 + 111 = 0, -5*a + 315 = 3*f. What is the greatest common divisor of a and 2?
2
Let f = 101 - 99. Let j(w) = w**2 - 5*w - 10. Suppose -16 = -2*y - 0*y. Let k be j(y). Calculate the highest common divisor of k and f.
2
Suppose 3*k + 4*h - 5 = 0, 25 = -4*k + 3*h - 2*h. Let v(w) = -15*w - 3. Let o be v(k). What is the highest common factor of o and 6?
6
Let p(t) = -t + 28. Let i(s) = -14*s - 19. Let u be i(-2). Let v be p(u). Let g = -59 - -97. What is the highest common factor of v and g?
19
Suppose -z = 2*j - 20, 0 = 4*j - z - 53 + 13. Suppose 2*t + 3*t = -f + 32, 0 = -t + f + j. Let v = -6 - -62. What is the highest common factor of t and v?
7
Suppose 294*u = 290*u + 7260. Calculate the greatest common divisor of u and 15.
15
Let u(k) = k**2 + 61*k - 818. Let g be u(12). Let n(t) = -29*t**3 + t + 1. Let i be n(-1). Calculate the highest common divisor of g and i.
29
Let i(f) = -8*f**2 - 73*f + 10. Let y be i(-9). Calculate the greatest common factor of 418 and y.
19
Let y be -4*(-2 - (-3 - 0)). Let c be -2*(y + (-14)/(-4)). Calculate the highest common factor of c and 2.
1
Suppose 0 = -z + 3*z - 4*j - 300, 0 = z + 2*j - 154. Suppose -19*q + 57 = -16*q. Calculate the highest common factor of z and q.
19
Let p = 54 - 54. Suppose p = -21*t + 22*t - 94. Calculate the greatest common factor of 235 and t.
47
Suppose 4*t - 42 = 3*l, 4*l - 20 = 4*t - 60. Let d = 36 + t. Calculate the highest common divisor of 144 and d.
48
Let c = -50 - -666. Calculate the highest common factor of 7 and c.
7
Let c be (4 + (0 - 3))*4. Let a(x) = 2*x**2 + x. Let h be a(c). What is the highest common divisor of 54 and h?
18
Suppose -2*t = 3*a + 2, -4*a - 17 + 5 = -2*t. Let k be (t/9*-3)/((-4)/78). Calculate the greatest common divisor of 13 and k.
13
Suppose 4*s + 3*u = 2502, 9*s - 7*s - 4*u - 1240 = 0. Calculate the highest common divisor of 13 and s.
13
Let s be 33/(-2)*(302/(-6) - 1). Suppose 4*w = -3*w + s. Suppose 2*b - 3*h = 13, 4*b + 3*h = -1 + 54. What is the highest common divisor of w and b?
11
Suppose -48 = -22*k + 62. Suppose -3*m - 3*b = -4*b - 22, -k*m + 5*b + 50 = 0. Calculate the highest common divisor of 9 and m.
3
Let p(a) = 3*a**2 - 128*a - 154. Let i be p(45). What is the highest common factor of i and 21?
7
Let k(s) = 20*s - 53. Let q be k(3). Calculate the highest common divisor of q and 21.
7
Let g(w) = -w**2 - 7*w - 4. Let i be g(-6). Let y(a) = 2*a**2 - 9*a + 3. Let l be y(7). Let n = i + l. Calculate the greatest common factor of 8 and n.
8
Let d be (2000/(-28))/(-5)*7. Let x = 176 - d. Calculate the highest common divisor of 4 and x.
4
Let g be 3*(-4)/60 - 102/(-10). Suppose -g*p + 160 + 20 = 0. What is the greatest common divisor of p and 9?
9
Let i = 83 - 122. Let s be 2 - 2*i/6. What is the highest common divisor of s and 135?
15
Suppose 0 = 3*z + 23 - 2. Let y(o) = 4*o**2 - 8*o + 8. Let c be y(4). Let i be (c/(-35))/(2/z). What is the greatest common divisor of 32 and i?
4
Let t = -37 + 42. Suppose -t*x - 3*x = -1152. Calculate the highest common factor of x and 16.
16
Let w = 1970 - 1445. Calculate the highest common factor of 300 and w.
75
Let q be 3*17*234/39. What is the highest common factor of q and 34?
34
Suppose 3*m - 338 - 67 = 0. Calculate the greatest common factor of 30 and m.
15
Let w = -2 + 0. Let h be -35*(w - (-3)/3). Let t = h - 18. Calculate the highest common factor of 17 and t.
17
Let a = -3 - -18. Let o be -18*(8/(-30))/(6/a). Calculate the highest common divisor of o and 204.
12
Let i be (3 + 14/(-4))*0. Suppose i = 8*y - 7*y - 96. Suppose 0*j - y = -j. Calculate the greatest common factor of j and 12.
12
Let a = -148 + 328. Let p(m) = 9*m + 4*m**2 + 0*m**2 - 5*m**2 + 18. Let n be p(9). Calculate the greatest common divisor of a and n.
18
Let j be ((-234)/15)/(1/(-20)). What is the highest common divisor of 728 and j?
104
Suppose 27 = -3*w - g - 7, 4*w = 5*g - 58. Let n be 333/w*(-5)/(60/16). Calculate the highest common factor of 407 and n.
37
Suppose 2*g + 2 = 3*j, -6*g = 5*j - g - 45. Calculate the highest common divisor of j and 8.
4
Let k(y) = 13*y + 3. Let a be k(0). Calculate the greatest common factor of 6 and a.
3
Suppose 0 = 2*a - 0*a - 32. Suppose 64 = 3*w + a. What is the great